-42 + l)/((-3)/(-1)). Let m(f) = f**3 - f**2 + 2*f - 8. Calculate m(q).
-8
Let j be (7/(-2))/((-10)/40). Let i(y) = -y**3 + 15*y**2 - 15*y + 19. Let n be i(j). Let s(o) = -o**2 + 6*o - 1. Give s(n).
4
Let y be (-74)/296 - 39/(-12). Let l(o) be the first derivative of -3/2*o**2 + y*o - 5. Calculate l(2).
-3
Let p(g) = -250*g**2 + 239 + 8*g - 231 + 256*g**2. Determine p(-6).
176
Let l be 55*-1 + -12 + 12. Suppose -3*m + 110 = -31. Let b = l + m. Let x(n) = n**3 + 8*n**2 + n + 8. Determine x(b).
0
Suppose 0 = 31*p - 89 - 283. Let c(t) = -t**3 + 9*t**2 + 10*t + 2. Let z(a) = a**3 - 8*a**2 - 10*a - 1. Let n(y) = 3*c(y) + 2*z(y). Determine n(p).
-20
Let k(w) = 11*w - 128. Let m be k(12). Suppose i = m*d - 2*d - 3, -3*i + 15 = 0. Let u(p) = p - 9. Give u(d).
-5
Let i = 45 - 53. Let w(k) = -6*k + 1. Let u(d) = -7*d + 3. Let o(m) = 5*u(m) - 6*w(m). Give o(i).
1
Let l(r) = 182*r + 26 - 48*r - 47*r - 47*r + r**2 - 45*r. Determine l(9).
62
Suppose 0 = -6*i + 44 + 88. Suppose 7*n = 18*n - i. Let x(d) = d - 7*d + 4 - 1 + d**2. Determine x(n).
-5
Let m(h) = 2*h**3 - 13*h**2 - 25*h + 1. Let x(p) = p**3 - 7*p**2 - 14*p + 1. Let g(n) = -3*m(n) + 5*x(n). Calculate g(5).
2
Let u(x) be the second derivative of -x**4/12 - x**3 + 15*x**2 + 674*x + 1. Determine u(-15).
-105
Let w(f) = 18*f + 1. Suppose b = -4*i + 2, 7 = 3*b + 3*i + 1. Suppose -b*j - m + 7 = 0, 0 = -j + 5*j - m + 1. Calculate w(j).
19
Let u(v) = 128*v + 208. Let w(j) = -152*j - 208. Let p(o) = 6*u(o) + 5*w(o). What is p(-25)?
8
Suppose 0 = -a + 2*c + 3, -4*a - 8*c - 8 = -11*c. Let p(s) = -9*s - 2. Let d(l) = 4*l + 1. Let r(m) = a*d(m) - 3*p(m). Give r(-1).
-6
Let p(m) = m**3 + 9*m**2 + 14*m + 1. Let z be ((-1200)/(-700))/(2/(-7)). What is p(z)?
25
Let q(d) = d**3 - 21*d**2 + 2. Let v(t) = 45*t - 1239. Let o be v(28). What is q(o)?
2
Let k(b) = 40*b**2 + 17*b - 57. Let u(n) = -10*n**2 - 3*n + 14. Let z(p) = 2*k(p) + 9*u(p). What is z(-2)?
-42
Let a(t) = t**3 - 3*t**2 - t - 10. Let c be a(4). Let v(n) = 2*n**3 - 14*n - 7*n**2 + c*n**2 + 44*n - 1 - 14*n - 14*n. Let f = 6 + -3. Determine v(f).
14
Let r(a) = a**3 - 5*a**2 - 3*a - 13. Suppose -5*u = 3*z + 1 + 6, -5*z + 50 = -4*u. Let s be r(z). Suppose s*d - 35 = -5. Let j(x) = x - 7. What is j(d)?
-1
Let c be 16/(-9) - -10*7/(-315). Let d be -4*((-6 + 1)/(-5) + c). Let g(t) = t**3 - 2*t**2 - 4*t - 2. What is g(d)?
14
Let j(u) = -139*u**2 + 39*u + 98. Let w(x) = 209*x**2 - 40*x - 99. Let d(r) = 3*j(r) + 2*w(r). What is d(-33)?
-36
Let l(w) = -2*w**2 + 12*w - 21. Let i be l(-13). Let z = i - -522. Let s(h) = h**2 - 9*h + 9. Calculate s(z).
-5
Let l(c) = -c + 42. Let g = -12779 - -12807. Give l(g).
14
Let l(m) be the third derivative of -m**5/30 + 7*m**4/24 + 1568*m**2. Give l(3).
3
Let g(t) = -2*t. Let w(a) = 12 - 19*a + 8 - 21. Let k(j) = 3*g(j) - w(j). Give k(-1).
-12
Let z(g) = -g**3 + 3*g**2 - 3*g - 2. Let i be (-9605)/(-3277) - (-4)/58. Calculate z(i).
-11
Suppose 0*z - 2*z = 2*z. Let t(k) be the third derivative of 0*k + 1/24*k**4 + z + 2/3*k**3 + 11*k**2. Determine t(4).
8
Suppose 410 = 343*w - 843 - 119. Let u(k) = -14*k**3 + 12*k**2 - 3*k - 9. Let o(q) = 5*q**3 - 4*q**2 + q + 3. Let g(v) = -11*o(v) - 4*u(v). Calculate g(w).
7
Let b be 10 - 8 - 1*-27. Suppose -2*k - k - 2*d - b = 0, 0 = 4*k - 3*d + 33. Let h(r) = r - 1. Let q(w) = -5*w + 16. Let a(p) = 6*h(p) + q(p). Give a(k).
1
Let k(w) = w**3 + 2*w**2 - 32*w - 3. Let i(a) = -57*a - 1534. Let j be i(-27). What is k(j)?
12
Suppose -6*s + 10*s = -8. Let n(r) be the third derivative of r**6/720 + r**5/60 - 7*r**4/12 + 23*r**2. Let k(f) be the second derivative of n(f). What is k(s)?
0
Let s(m) = 2*m**3 + 2*m - 6*m**2 - 3*m**3 - m - 3 - 7*m. Let o be 16/8*(7/2)/(-1). Let n(y) = -y**2 - 5*y + 9. Let w be n(o). Calculate s(w).
2
Let i(u) = -17*u - 6. Let s be i(2). Let p = s + 39. Let g be -2*p*(2 - 4). Let j(n) = -n - 4. What is j(g)?
0
Let s(v) = 19 - 5*v**2 - 18 + 5*v - 4*v**2. Determine s(-2).
-45
Let n = -267 - -256. Let r(v) = -56*v + 68*v + 7 - v**3 - 1 - 4*v**2 - 6*v**2. Give r(n).
-5
Let i(b) be the second derivative of -1/12*b**4 + 2*b - 4/3*b**3 + 33 + 3*b**2. What is i(-8)?
6
Let l(a) = a + 47*a**2 + 36*a**2 + 44*a**2 - 4 - 126*a**2. Give l(-6).
26
Let q(a) = a**2 + 6*a - 6. Let n(v) = 0*v - 34 + 6*v + 19 - 4*v. Let u be n(5). Determine q(u).
-11
Let w(d) be the third derivative of 4*d**3 - 1/8*d**4 + d**2 - 36 + 0*d. What is w(9)?
-3
Let k(c) = -c**2 - 7*c. Let v = -709 - -1129. Let n = v + -427. Give k(n).
0
Let y be 22/8 - (-4)/(3 + 13). Suppose -2*f = 4*d - 2, y*d = -0*d - 6. Let p(o) = o**2 - 8*o + 8. Determine p(f).
-7
Let t(k) = 6*k - 74. Let j = -2520 - -2534. Give t(j).
10
Let q(n) = n - 12. Let c(m) = -10*m**2 + 77*m - 72. Let l be c(1). Calculate q(l).
-17
Let l(v) = -1495 - 1420 + 2939 + v**2 - 11*v. Determine l(6).
-6
Let d(r) = -r**3 - 9*r**2 - 8*r - 7. Suppose 2*v = 5*t - 44, 32*v = -4*t + 29*v + 26. Suppose t*k - 13*k - 40 = g, -5*k = 5*g + 40. Calculate d(k).
-7
Let l(h) = -39*h + 112. Suppose 0 = -2*t - 3*q + 24, -4*q = -962*t + 963*t - 27. Determine l(t).
-5
Let v(r) = -2*r**2 - 6*r - 1. Let o be 4/30 - 26/195. Suppose -3*j = 5*f + 26, 0*f + f - 2*j = o. Give v(f).
-9
Let p = 193717 + -193716. Let m(d) = 22*d + 5. Let x(n) = -21*n - 4. Let j(f) = 4*m(f) + 5*x(f). Calculate j(p).
-17
Let y = -255 - -263. Let a be 7*9/42*y/(-6). Let m(f) = -3*f**3 - 2*f**2 + f - 2. Determine m(a).
12
Let j be (-2)/(-4*(-2)/(-20)). Let v = j + -4. Let w(r) = 5 - r**2 - 5 - v + 9*r - 9. Give w(8).
-2
Let n(i) be the second derivative of -i**4/12 - i**3/6 + i**2/2 + i - 18. Let b(x) = 3*x**2 - 8*x - 25. Let g(k) = b(k) + 4*n(k). Determine g(-10).
-1
Let u = 1477 - 1477. Let z(y) be the first derivative of y**4/4 + y**2/2 - 10*y - 1. Determine z(u).
-10
Let q = -142 + 142. Suppose 0*p + 5*p + 4*f = 58, q = p + 5*f - 20. Let h(j) = 5*j - p*j + 0*j + 2 + 4*j**2 - j**2. What is h(3)?
14
Let l be 2 + (-9)/((-27)/204). Let n = 79 - l. Let v(j) = 5*j**2 + 3*j - 5. Let b(y) = -6*y**2 - 2*y + 6. Let q(c) = -6*b(c) - 7*v(c). Determine q(n).
-1
Let u(y) be the second derivative of 3*y**5/4 - y**4/6 - 2*y**3/3 - 3*y**2/2 + 3082*y. Give u(-2).
-123
Suppose 4*o - 455 = -3*p - 495, 0 = -3*o - 5*p - 52. Let f(b) = -7*b + 3. Give f(o).
31
Suppose 10*z + 8150 = 8180. Let i(y) be the first derivative of -23 - 1/3*y**z - 3*y**2 + 4*y. Calculate i(-5).
9
Let r(n) be the second derivative of 9/2*n**2 - 3*n**3 + 0 + 1/12*n**4 - 96*n. Calculate r(17).
-8
Suppose 0 = 251*j - 1171 - 84. Let b(a) = -2*a**2 - 6*a. What is b(j)?
-80
Let z = 378 - 286. Let g(u) = -u**3 + 94*u + 5 - 11*u**2 + z*u - 195*u. Calculate g(-10).
-5
Let d(v) be the third derivative of v**5/60 + 19*v**4/24 + 29*v**3/6 - 3295*v**2. Give d(-17).
-5
Let r(f) = 4*f**3 - 29*f**2 - 20*f + 96. Let d(z) = -7*z**3 + 51*z**2 + 35*z - 170. Let k(x) = -9*d(x) - 16*r(x). What is k(5)?
19
Suppose -3*p - 29 = -5*p - 7. Let l(g) = -3*g + 29. Give l(p).
-4
Suppose -s - 8*j + 28 = -4*j, 3*j - 21 = 0. Let n(a) be the second derivative of a**3/6 + 3*a**2 + a. Give n(s).
6
Let v(y) = -3*y - 53. Suppose -10 = c + 5*x, 9*c - 5*c + 4*x + 72 = 0. Determine v(c).
7
Let x(s) = -24*s + 1071*s**2 - 4276*s**2 + 1072*s**2 + 1064*s**2 + 46 + 1070*s**2. What is x(23)?
23
Let l(u) = u**3 + 6*u**2 - 7*u. Let h be l(2). Suppose 20*d + 2 = h*d. Let g be -4 + 2 - (0 + -1 + d). Let a(f) = 2*f + 6. Determine a(g).
6
Let p be 2 - (-10)/(-2) - -5. Let s(b) = -12*b**2 + 2 - 21*b**p - 5*b - 13*b**2 + 47*b**2. Determine s(6).
8
Let k(i) = -i**3 + 4*i**2 - 3*i - 7. Let u = 1040 + -1037. Determine k(u).
-7
Let q = -13734 - -13724. Let y(o) be the first derivative of -o**3/3 - 11*o**2/2 - 15*o + 2. What is y(q)?
-5
Let h(n) = 16*n**2 - 9*n + n**2 - 6*n**2 - 3*n**2 - 7*n**2 + 10 + 18*n. Let g be (1/(-2) - 0)*16. What is h(g)?
2
Let x = -28887 - -28866. Let a(z) = -2*z + 61. What is a(x)?
103
Let n(b) be the third derivative of b**5/60 - 9*b**4/8 - 10*b**3/3 - 740*b**2. Calculate n(28).
8
Let c(i) = -2*i + 1. Let w be 16*2 - (-2 - (-7)/7). Suppose -2*m = w - 31. Determine c(m).
3
Let r(o) = 95*o - 53. Let p(m) = 23*m - 12. Let g(k) = -9*p(k) + 2*r(k). What is g(7)?
-117
Let j(a) be the third derivative of a**6/360 - a**5/20 + a**4/4 - 8*a**3 - 3*a**2 - 15. Let g(y) be the first derivative of j(